te o(5).
14
Let i be (-2)/7 - (-18)/14. Let k(a) = 4*a - 15*a + 5*a - a - 6*a. Give k(i).
-13
Let l(a) be the second derivative of -1/6*a**3 + 0*a**4 + 4*a - 1/2*a**2 + 4/5*a**5 + 0. What is l(-1)?
-16
Let f(q) be the second derivative of -q**8/6720 - q**7/420 + q**6/720 + q**5/40 - 7*q**4/6 - 16*q. Let w(y) be the third derivative of f(y). What is w(-6)?
-3
Let f(u) = u**2 - 23*u - 179. Let h be f(29). Let c(x) = -x**3 - 5*x**2 - 3*x - 9. What is c(h)?
6
Let f = 29 + -29. Suppose -2*j + 0*j + x - 1 = f, -3*x = -j - 8. Let p(l) = 6*l**3 + l**2 - l. Give p(j).
6
Let v(q) = q**3 - q**2. Let d(m) be the first derivative of m**4 - 4*m**3/3 + m + 11. Let n(c) = d(c) - 3*v(c). Determine n(1).
1
Let c(r) = -3*r + 8. Let o(l) = 4*l**3 + 4*l**2 - l - 1. Let t(u) = -u**2 + u + 3. Let s be t(-1). Let p be o(s). What is c(p)?
-10
Let v(n) = n**3 + 218 - 104 - 3*n - 106 + n**3 + 6*n**2. What is v(-4)?
-12
Let n(p) = p**3 + 5*p**2 - 3*p + 4. Let t = 92 - 98. Give n(t).
-14
Suppose 0 = l - 2*i + 21, 5*i + 1 = 2*l + 47. Let v(y) = y**3 + 14*y**2 + 14*y + 8. Calculate v(l).
-5
Let z(r) = -2*r + 5. Suppose 5*i + 3*a = -0*a + 48, -3*i - 3*a + 30 = 0. Let d = 14 - i. Calculate z(d).
-5
Let h(s) = s - 2*s - 17 + 4*s. Let c be h(7). Let x(p) = -c - 2 - p + 4*p - 2*p. What is x(0)?
-6
Suppose 15 = 6*r - r. Let i = -140 + 148. Suppose q - i = 5*h - 32, q = -r*h + 8. Let u(b) = b + 2. Calculate u(q).
-2
Let o(k) = k**2 - 16*k + 21. Suppose 0 = 5*m + 15, 9*b - 6*b - 54 = 4*m. Calculate o(b).
-7
Let z(q) = -5*q**3 - 5*q**2 - q - 4. Let o(r) = 12*r**3 + 11*r**2 + r + 9. Let x(c) = 2*o(c) + 5*z(c). Calculate x(-2).
0
Let t(b) = 45*b**2 + 13*b + 28. Let x(q) = -22*q**2 - 6*q - 13. Let j(k) = -6*t(k) - 13*x(k). Give j(-1).
17
Let t(q) = q**3 + 11*q**2 + 2*q + 27. Let x be t(-11). Let y(v) = v - 10. Determine y(x).
-5
Let a(v) = 1 - 1 + 2*v**2 - 1 - 2*v. Let b be a(2). Let t(s) = 0 - 4 + s - 2. What is t(b)?
-3
Let f(s) be the first derivative of -s**2/2 - 3*s + 107. Suppose 0 = 4*m, -1 = -3*w + 4*m + 8. Calculate f(w).
-6
Let w(m) = -m + 21. Suppose -4*a + 67 = a + 4*q, -q = a - 13. Let p be w(a). Let h(t) = -t**3 + 7*t**2 - 5*t - 2. Determine h(p).
4
Let n(r) = -r**2 + 3*r + 6. Let g(z) = 7*z - 59. Let w be g(9). Suppose 0 = 3*p - 2*p - w*m + 7, -4*m - 3 = -3*p. What is n(p)?
-4
Let j = 5 + -11. Let q(v) = v**3 + 5*v**2 - 7*v - 1. Let y be q(j). Suppose 17 + 18 = y*n. Let t(f) = -f. Determine t(n).
-7
Let u(r) = -r**2 - r + 2. Let m be u(-3). Let g(a) = 3*a**2 + 3. Let z(v) = -17*v**2 - v - 15. Let w(q) = 11*g(q) + 2*z(q). Determine w(m).
-5
Let q be 12/(-6) + 14 + -8. Let v(y) = -1 + 3*y - 4*y**2 - 3 + 3*y**2. Determine v(q).
-8
Let l be 6/69 - 7995/(-897). Let q(o) = 4*o - 34. Determine q(l).
2
Let n(c) be the third derivative of c**6/120 - c**5/10 - c**4/3 + 7*c**3/6 + 3*c**2. Let o = 11 - 4. Calculate n(o).
0
Let x(c) = -4 + c + 4*c**2 - c**3 + 7 + 2*c**3. Let u = 86 - 83. Suppose -3*h - s - 17 = 0, u*h - h + 23 = -3*s. Calculate x(h).
-1
Let z(s) = 3*s**2 + 2*s + 1. Let i = 156 + -158. Calculate z(i).
9
Let n(r) = 2*r**3 + 3*r**2 - r - 2. Suppose 7 = 3*g + 19, -4*g = -4*i + 8. What is n(i)?
-4
Let u(o) = 2*o**3 + 3*o**2 + 2*o - 1. Let h be u(-2). Let k(b) be the second derivative of -b**5/20 - 3*b**4/4 - b**3/3 - 4*b**2 + 603*b - 3. Calculate k(h).
10
Let r(p) = -p - 3. Let f(s) = s**2 - 4*s + 12. Let c(j) = -f(j) - 4*r(j). Give c(4).
16
Let t(b) = -2 + 7386*b - b**2 - 7386*b. Determine t(0).
-2
Let v(n) = 15*n - 4. Let r(s) = 7*s. Let m(z) = 13*r(z) - 6*v(z). Determine m(-10).
14
Let x(i) = 21*i**2 - 17*i + 32. Let v(b) = 17*b**2 - 16*b + 31. Let f(p) = -5*v(p) + 4*x(p). Give f(9).
0
Suppose 29*q - 28*q = 5. Suppose 2*g = -5*j - q, j + 4*g + 19 = -0. Let h(l) = -8*l**2 + 1. Give h(j).
-7
Let g(u) = -4*u**2 + 3*u**2 + 31 + 9*u - 36. Give g(9).
-5
Suppose 0 = -4*k - 5*y + 15, 3*y + 1 - 10 = -3*k. Let a = 2 - k. Let n(l) = -3*l**a + l**2 - 2*l**2 + l**2. Determine n(-1).
-3
Let v(d) = -d**2 - d - 1. Let u be -2 - (-1 - (-5 - 1)). Let o(c) = 13*c + 7. Let r(j) = -11*j - 9. Let s(m) = -4*o(m) - 5*r(m). Let i be s(u). What is v(i)?
-13
Suppose 5*o = -10, -4*w + 3*o + 6 = -0*o. Let y(x) = 6346 - 3*x + 2*x - x**2 + 6344 - 12687. Determine y(w).
3
Let h(i) = i**3 - 5*i**2 - 5. Let a(s) = -2*s**2 - 51*s - 67. Let r be a(-24). Give h(r).
-5
Suppose -2 = -2*v - 5*a - 1, -2*a = -2*v - 20. Let n(d) = -9324 + d**2 + 9324 + 6*d. What is n(v)?
7
Let m be 2/5*(0 - 20). Let c(f) be the first derivative of f**2/2 + 19*f - 822. Determine c(m).
11
Let g = -102 + 99. Let n(y) = 2*y**2 + 3*y - 1. Calculate n(g).
8
Suppose 6*o = 7*o - 2. Let g(d) = 1 + 3*d**2 - 3*d**o + 5*d**2 - 6*d**2 + 5*d. Let f(z) = z**3 + 4*z**2 + 2*z - 1. Let l be f(-2). Give g(l).
7
Let u(y) be the third derivative of y**6/40 - y**5/30 - y**4/12 + y**3/3 - 100*y**2. Determine u(2).
14
Suppose 10*v - 5 = 5*i + 15*v, -2*i + v - 14 = 0. Let u(o) = o**2 + 7*o + 2. Calculate u(i).
-8
Let p(y) = y + 1. Let j(c) = -c**2 + 2*c + 4. Let m(i) = -j(i) + 2*p(i). Suppose 8*s + 2*s - 30 = 0. Give m(s).
7
Let p(h) = 1. Let s(r) = 5*r + 1. Let l(o) = 5*p(o) - 2*s(o). What is l(1)?
-7
Let i = 1373 - 1386. Let r(b) = -b**2 - 12*b - 14. What is r(i)?
-27
Let q(i) = -3*i**3 - 7*i**2 - 4*i - 3. Let a(w) = -13*w**3 - 29*w**2 - 17*w - 12. Let z(p) = 2*a(p) - 9*q(p). Let s be -3 + (3 - (1 + 3)). Calculate z(s).
11
Let x(v) = v**3 + 9*v**2 + 7*v - 5. Suppose 37 = 3*n + 25. Suppose -2*p - 20 = -n*o, -2*o + 4*o = 2. Determine x(p).
3
Suppose 0 = -10*x + 5*x. Let l(i) = -2*i + 3. Let u be l(x). Let c(d) = -3*d + 7*d**2 + 5*d - 6*d - 6*d**2 + u. Give c(4).
3
Let k be (-4)/4*(-8 + (-3 - -6)). Let l(m) = -2*m + 4. Give l(k).
-6
Let g = -8 - -7. Let n(y) = -7*y**2 + y**2 + 12*y + 3*y**2. Let j(u) = -u. Let f(s) = 12*j(s) + n(s). Give f(g).
-3
Let l = 117 - 121. Let p(r) = -r**2 + r - 1. Let c(k) = 0 - 1 - 4 - k - 5*k**2. Let z(s) = l*p(s) + c(s). Determine z(-6).
-7
Let o be (6/(-4))/((-9)/30). Let l(a) be the second derivative of -2*a**3/3 + 2*a**2 - 34*a. Determine l(o).
-16
Let v(s) = -s**2 + 2*s + 6. Let i(r) = 4*r**2 - 7*r - 23. Let q(k) = 2*i(k) + 9*v(k). What is q(6)?
-4
Let l(j) = 2*j**2 - 24*j - 274. Let n be l(19). Let c(i) = -i**2 - 8*i - 7. What is c(n)?
-7
Let s be (20/25)/((-6)/(-15)). Suppose 0*z = -s*z - r, 4*r = -5*z - 3. Suppose -5*v - z = 3*t + 24, -t + 25 = -5*v. Let n(i) = i**2 + i + 5. What is n(t)?
5
Let z(y) = y + 6. Let s be z(-6). Suppose s = 2*l + 2*l - 20. Suppose -4*i = -l*i + 4. Let r(g) = -g**3 + 4*g**2 + g - 5. Determine r(i).
-1
Let s(x) = x**3 + 6*x**2 - 3*x - 7. Suppose -135*q = -139*q - 24. Give s(q).
11
Let b = -239 - -232. Let y(z) be the third derivative of -z**4/6 - 4*z**3/3 - 5*z**2. Calculate y(b).
20
Let t(b) = 4*b**2 - b. Let o(y) = -41*y - 30. Let d be o(-3). Let g = d - 94. Give t(g).
5
Let q = -124 + 127. Suppose -q + 7 = -2*g. Let r(j) = j**2 + 3*j + 1. What is r(g)?
-1
Let k(g) = -g**3 - g**2 - 2*g - 3. Let i be (8/(-6))/((-3)/252*4). Suppose 23*p - 10 = i*p. Determine k(p).
5
Let w = 6 + 2. Let g(s) be the second derivative of s**5/20 - 2*s**4/3 + s**3/6 + s**2/2 + 7*s. Determine g(w).
9
Let o(v) = -5*v + 2. Let y(x) = 9*x - 5. Let j(w) = -5*o(w) - 3*y(w). Suppose -4*u = 5*l - 2*l - 43, -30 = -5*u + l. Suppose -3*n + 8 + u = 0. Give j(n).
-5
Let g(z) be the first derivative of z**7/840 + z**6/120 - z**5/120 - 11*z**3/3 - 11. Let a(y) be the third derivative of g(y). What is a(-3)?
3
Let n(h) = h. Let z = 1 - 0. Let x(p) = -10*p - 2. Let j be ((-9)/4)/(12/(-64)). Let l(k) = j*n(k) + z*x(k). Give l(-2).
-6
Let q(n) = n**2 - 6*n + 3. Suppose 7*w - 2*w = g - 22, 5*g + 2 = -3*w. Suppose -r = -5*d + 6, -r - r - g*d + 12 = 0. Calculate q(r).
-5
Let w = 6 - 2. Let m = 20 - 18. Suppose w*u = m*u + 4. Let g(h) = -h**2 - 2*h + 3. What is g(u)?
-5
Let v = 4 + -9. Let n = -6 - v. Let q(l) = 3*l - 1. Let f be q(n). Let c(z) = z**3 + 3*z**2 - 6*z - 4. Determine c(f).
4
Suppose -14*o + 9*o = -10. Let s(m) = m**o + 3*m - 6 - 5*m + 8. Determine s(3).
5
Let f(r) = -2*r + 7. Let k be f(3). Let n(b) = -12*b. Let z = 7 + -16. Let h(l) = 3*l. Let x(o) = z*h(o) - 2*n(o). Determine x(k).
-3
Let m(w) = 4*w + 12. Let n(s) = -s - 10. Let b be n(-5). What is m(b)?
-8
Suppose 4*o - 114 = 42. Suppose -4*q - 15 = -o. Let x(b) 